[INFO] fetching crate ribir_algo 0.0.1-alpha.1...
[INFO] checking ribir_algo-0.0.1-alpha.1 against master#e6e4f7ed1589e03bc2f6c5931c1a72e7947e8682 for beta-170-4
[INFO] extracting crate ribir_algo 0.0.1-alpha.1 into /workspace/builds/worker-5-tc2/source
[INFO] validating manifest of crates.io crate ribir_algo 0.0.1-alpha.1 on toolchain e6e4f7ed1589e03bc2f6c5931c1a72e7947e8682
[INFO] running `Command { std: CARGO_HOME="/workspace/cargo-home" RUSTUP_HOME="/workspace/rustup-home" "/workspace/cargo-home/bin/cargo" "+e6e4f7ed1589e03bc2f6c5931c1a72e7947e8682" "metadata" "--manifest-path" "Cargo.toml" "--no-deps", kill_on_drop: false }`
[INFO] started tweaking crates.io crate ribir_algo 0.0.1-alpha.1
[INFO] finished tweaking crates.io crate ribir_algo 0.0.1-alpha.1
[INFO] tweaked toml for crates.io crate ribir_algo 0.0.1-alpha.1 written to /workspace/builds/worker-5-tc2/source/Cargo.toml
[INFO] running `Command { std: CARGO_HOME="/workspace/cargo-home" RUSTUP_HOME="/workspace/rustup-home" __CARGO_TEST_CHANNEL_OVERRIDE_DO_NOT_USE_THIS="nightly" "/workspace/cargo-home/bin/cargo" "+e6e4f7ed1589e03bc2f6c5931c1a72e7947e8682" "generate-lockfile" "--manifest-path" "Cargo.toml" "-Zno-index-update", kill_on_drop: false }`
[INFO] running `Command { std: CARGO_HOME="/workspace/cargo-home" RUSTUP_HOME="/workspace/rustup-home" "/workspace/cargo-home/bin/cargo" "+e6e4f7ed1589e03bc2f6c5931c1a72e7947e8682" "fetch" "--manifest-path" "Cargo.toml", kill_on_drop: false }`
[INFO] running `Command { std: "docker" "create" "-v" "/var/lib/crater-agent-workspace/builds/worker-5-tc2/target:/opt/rustwide/target:rw,Z" "-v" "/var/lib/crater-agent-workspace/builds/worker-5-tc2/source:/opt/rustwide/workdir:ro,Z" "-v" "/var/lib/crater-agent-workspace/cargo-home:/opt/rustwide/cargo-home:ro,Z" "-v" "/var/lib/crater-agent-workspace/rustup-home:/opt/rustwide/rustup-home:ro,Z" "-e" "SOURCE_DIR=/opt/rustwide/workdir" "-e" "CARGO_TARGET_DIR=/opt/rustwide/target" "-e" "CARGO_HOME=/opt/rustwide/cargo-home" "-e" "RUSTUP_HOME=/opt/rustwide/rustup-home" "-w" "/opt/rustwide/workdir" "-m" "1610612736" "--user" "0:0" "--network" "none" "ghcr.io/rust-lang/crates-build-env/linux@sha256:19e73879b68f455e41552ea35293514db52ea292d993f571636dbffedb77a1ee" "/opt/rustwide/cargo-home/bin/cargo" "+e6e4f7ed1589e03bc2f6c5931c1a72e7947e8682" "metadata" "--no-deps" "--format-version=1", kill_on_drop: false }`
[INFO] [stdout] a0638938aa86645902e4e777885b2690f05aa9bc125f9e9757dd3f39ceb8e9a0
[INFO] running `Command { std: "docker" "start" "-a" "a0638938aa86645902e4e777885b2690f05aa9bc125f9e9757dd3f39ceb8e9a0", kill_on_drop: false }`
[INFO] running `Command { std: "docker" "inspect" "a0638938aa86645902e4e777885b2690f05aa9bc125f9e9757dd3f39ceb8e9a0", kill_on_drop: false }`
[INFO] running `Command { std: "docker" "rm" "-f" "a0638938aa86645902e4e777885b2690f05aa9bc125f9e9757dd3f39ceb8e9a0", kill_on_drop: false }`
[INFO] [stdout] a0638938aa86645902e4e777885b2690f05aa9bc125f9e9757dd3f39ceb8e9a0
[INFO] running `Command { std: "docker" "create" "-v" "/var/lib/crater-agent-workspace/builds/worker-5-tc2/target:/opt/rustwide/target:rw,Z" "-v" "/var/lib/crater-agent-workspace/builds/worker-5-tc2/source:/opt/rustwide/workdir:ro,Z" "-v" "/var/lib/crater-agent-workspace/cargo-home:/opt/rustwide/cargo-home:ro,Z" "-v" "/var/lib/crater-agent-workspace/rustup-home:/opt/rustwide/rustup-home:ro,Z" "-e" "SOURCE_DIR=/opt/rustwide/workdir" "-e" "CARGO_TARGET_DIR=/opt/rustwide/target" "-e" "CARGO_INCREMENTAL=0" "-e" "RUST_BACKTRACE=full" "-e" "RUSTFLAGS=--cap-lints=forbid" "-e" "RUSTDOCFLAGS=--cap-lints=forbid" "-e" "CARGO_HOME=/opt/rustwide/cargo-home" "-e" "RUSTUP_HOME=/opt/rustwide/rustup-home" "-w" "/opt/rustwide/workdir" "-m" "1610612736" "--user" "0:0" "--network" "none" "ghcr.io/rust-lang/crates-build-env/linux@sha256:19e73879b68f455e41552ea35293514db52ea292d993f571636dbffedb77a1ee" "/opt/rustwide/cargo-home/bin/cargo" "+e6e4f7ed1589e03bc2f6c5931c1a72e7947e8682" "check" "--frozen" "--all" "--all-targets" "--message-format=json", kill_on_drop: false }`
[INFO] [stdout] 7e395b0b8ad7d03b0077a85c25df8ff301f1563eded5a96bc4270738a2b74c4b
[INFO] running `Command { std: "docker" "start" "-a" "7e395b0b8ad7d03b0077a85c25df8ff301f1563eded5a96bc4270738a2b74c4b", kill_on_drop: false }`
[INFO] [stderr]    Compiling libc v0.2.144
[INFO] [stderr]     Checking once_cell v1.17.2
[INFO] [stderr]     Checking scoped_threadpool v0.1.9
[INFO] [stderr]    Compiling ahash v0.8.3
[INFO] [stderr]    Compiling syn v2.0.18
[INFO] [stderr]     Checking getrandom v0.2.9
[INFO] [stderr]    Compiling serde_derive v1.0.163
[INFO] [stderr]     Checking serde v1.0.163
[INFO] [stderr]     Checking ribir_algo v0.0.1-alpha.1 (/opt/rustwide/workdir)
[INFO] [stdout] error[E0277]: the trait bound `Rc<T>: Serialize` is not satisfied
[INFO] [stdout]    --> src/resource.rs:25:17
[INFO] [stdout]     |
[INFO] [stdout] 25  | #[derive(Debug, Serialize, Deserialize)]
[INFO] [stdout]     |                 ^^^^^^^^^ the trait `Serialize` is not implemented for `Rc<T>`
[INFO] [stdout] 26  | pub struct ShareResource<T>(Rc<T>);
[INFO] [stdout]     |                             ----- required by a bound introduced by this call
[INFO] [stdout]     |
[INFO] [stdout]     = help: the following other types implement trait `Serialize`:
[INFO] [stdout]               &'a T
[INFO] [stdout]               &'a mut T
[INFO] [stdout]               ()
[INFO] [stdout]               (T0, T1)
[INFO] [stdout]               (T0, T1, T2)
[INFO] [stdout]               (T0, T1, T2, T3)
[INFO] [stdout]               (T0, T1, T2, T3, T4)
[INFO] [stdout]               (T0, T1, T2, T3, T4, T5)
[INFO] [stdout]             and 125 others
[INFO] [stdout] note: required by a bound in `serialize_newtype_struct`
[INFO] [stdout]    --> /opt/rustwide/cargo-home/registry/src/index.crates.io-6f17d22bba15001f/serde-1.0.163/src/ser/mod.rs:906:12
[INFO] [stdout]     |
[INFO] [stdout] 900 |     fn serialize_newtype_struct<T: ?Sized>(
[INFO] [stdout]     |        ------------------------ required by a bound in this associated function
[INFO] [stdout] ...
[INFO] [stdout] 906 |         T: Serialize;
[INFO] [stdout]     |            ^^^^^^^^^ required by this bound in `Serializer::serialize_newtype_struct`
[INFO] [stdout] 
[INFO] [stdout] 
[INFO] [stdout] error[E0277]: the trait bound `Rc<T>: Deserialize<'_>` is not satisfied
[INFO] [stdout]   --> src/resource.rs:26:29
[INFO] [stdout]    |
[INFO] [stdout] 26 | pub struct ShareResource<T>(Rc<T>);
[INFO] [stdout]    |                             ^^^^^ the trait `Deserialize<'_>` is not implemented for `Rc<T>`
[INFO] [stdout]    |
[INFO] [stdout]    = help: the following other types implement trait `Deserialize<'de>`:
[INFO] [stdout]              &'a Path
[INFO] [stdout]              &'a [u8]
[INFO] [stdout]              &'a str
[INFO] [stdout]              ()
[INFO] [stdout]              (T0, T1)
[INFO] [stdout]              (T0, T1, T2)
[INFO] [stdout]              (T0, T1, T2, T3)
[INFO] [stdout]              (T0, T1, T2, T3, T4)
[INFO] [stdout]            and 125 others
[INFO] [stdout] 
[INFO] [stdout] 
[INFO] [stdout] error[E0277]: the trait bound `Rc<T>: Deserialize<'_>` is not satisfied
[INFO] [stdout]     --> src/resource.rs:26:29
[INFO] [stdout]      |
[INFO] [stdout] 26   | pub struct ShareResource<T>(Rc<T>);
[INFO] [stdout]      |                             ^^^^^ the trait `Deserialize<'_>` is not implemented for `Rc<T>`
[INFO] [stdout]      |
[INFO] [stdout]      = help: the following other types implement trait `Deserialize<'de>`:
[INFO] [stdout]                &'a Path
[INFO] [stdout]                &'a [u8]
[INFO] [stdout]                &'a str
[INFO] [stdout]                ()
[INFO] [stdout]                (T0, T1)
[INFO] [stdout]                (T0, T1, T2)
[INFO] [stdout]                (T0, T1, T2, T3)
[INFO] [stdout]                (T0, T1, T2, T3, T4)
[INFO] [stdout]              and 125 others
[INFO] [stdout] note: required by a bound in `next_element`
[INFO] [stdout]     --> /opt/rustwide/cargo-home/registry/src/index.crates.io-6f17d22bba15001f/serde-1.0.163/src/de/mod.rs:1729:12
[INFO] [stdout]      |
[INFO] [stdout] 1727 |     fn next_element<T>(&mut self) -> Result<Option<T>, Self::Error>
[INFO] [stdout]      |        ------------ required by a bound in this associated function
[INFO] [stdout] 1728 |     where
[INFO] [stdout] 1729 |         T: Deserialize<'de>,
[INFO] [stdout]      |            ^^^^^^^^^^^^^^^^ required by this bound in `SeqAccess::next_element`
[INFO] [stdout] 
[INFO] [stdout] 
[INFO] [stdout] error: aborting due to 3 previous errors
[INFO] [stdout] 
[INFO] [stdout] 
[INFO] [stdout] For more information about this error, try `rustc --explain E0277`.
[INFO] [stdout] 
[INFO] [stderr] error: could not compile `ribir_algo` (lib) due to 4 previous errors
[INFO] [stderr] warning: build failed, waiting for other jobs to finish...
[INFO] [stdout] error[E0277]: the trait bound `Rc<T>: Serialize` is not satisfied
[INFO] [stdout]    --> src/resource.rs:25:17
[INFO] [stdout]     |
[INFO] [stdout] 25  | #[derive(Debug, Serialize, Deserialize)]
[INFO] [stdout]     |                 ^^^^^^^^^ the trait `Serialize` is not implemented for `Rc<T>`
[INFO] [stdout] 26  | pub struct ShareResource<T>(Rc<T>);
[INFO] [stdout]     |                             ----- required by a bound introduced by this call
[INFO] [stdout]     |
[INFO] [stdout]     = help: the following other types implement trait `Serialize`:
[INFO] [stdout]               &'a T
[INFO] [stdout]               &'a mut T
[INFO] [stdout]               ()
[INFO] [stdout]               (T0, T1)
[INFO] [stdout]               (T0, T1, T2)
[INFO] [stdout]               (T0, T1, T2, T3)
[INFO] [stdout]               (T0, T1, T2, T3, T4)
[INFO] [stdout]               (T0, T1, T2, T3, T4, T5)
[INFO] [stdout]             and 125 others
[INFO] [stdout] note: required by a bound in `serialize_newtype_struct`
[INFO] [stdout]    --> /opt/rustwide/cargo-home/registry/src/index.crates.io-6f17d22bba15001f/serde-1.0.163/src/ser/mod.rs:906:12
[INFO] [stdout]     |
[INFO] [stdout] 900 |     fn serialize_newtype_struct<T: ?Sized>(
[INFO] [stdout]     |        ------------------------ required by a bound in this associated function
[INFO] [stdout] ...
[INFO] [stdout] 906 |         T: Serialize;
[INFO] [stdout]     |            ^^^^^^^^^ required by this bound in `Serializer::serialize_newtype_struct`
[INFO] [stdout] 
[INFO] [stdout] 
[INFO] [stdout] error[E0277]: the trait bound `Rc<T>: Deserialize<'_>` is not satisfied
[INFO] [stdout]   --> src/resource.rs:26:29
[INFO] [stdout]    |
[INFO] [stdout] 26 | pub struct ShareResource<T>(Rc<T>);
[INFO] [stdout]    |                             ^^^^^ the trait `Deserialize<'_>` is not implemented for `Rc<T>`
[INFO] [stdout]    |
[INFO] [stdout]    = help: the following other types implement trait `Deserialize<'de>`:
[INFO] [stdout]              &'a Path
[INFO] [stdout]              &'a [u8]
[INFO] [stdout]              &'a str
[INFO] [stdout]              ()
[INFO] [stdout]              (T0, T1)
[INFO] [stdout]              (T0, T1, T2)
[INFO] [stdout]              (T0, T1, T2, T3)
[INFO] [stdout]              (T0, T1, T2, T3, T4)
[INFO] [stdout]            and 125 others
[INFO] [stdout] 
[INFO] [stdout] 
[INFO] [stdout] error[E0277]: the trait bound `Rc<T>: Deserialize<'_>` is not satisfied
[INFO] [stdout]     --> src/resource.rs:26:29
[INFO] [stdout]      |
[INFO] [stdout] 26   | pub struct ShareResource<T>(Rc<T>);
[INFO] [stdout]      |                             ^^^^^ the trait `Deserialize<'_>` is not implemented for `Rc<T>`
[INFO] [stdout]      |
[INFO] [stdout]      = help: the following other types implement trait `Deserialize<'de>`:
[INFO] [stdout]                &'a Path
[INFO] [stdout]                &'a [u8]
[INFO] [stdout]                &'a str
[INFO] [stdout]                ()
[INFO] [stdout]                (T0, T1)
[INFO] [stdout]                (T0, T1, T2)
[INFO] [stdout]                (T0, T1, T2, T3)
[INFO] [stdout]                (T0, T1, T2, T3, T4)
[INFO] [stdout]              and 125 others
[INFO] [stdout] note: required by a bound in `next_element`
[INFO] [stdout]     --> /opt/rustwide/cargo-home/registry/src/index.crates.io-6f17d22bba15001f/serde-1.0.163/src/de/mod.rs:1729:12
[INFO] [stdout]      |
[INFO] [stdout] 1727 |     fn next_element<T>(&mut self) -> Result<Option<T>, Self::Error>
[INFO] [stdout]      |        ------------ required by a bound in this associated function
[INFO] [stdout] 1728 |     where
[INFO] [stdout] 1729 |         T: Deserialize<'de>,
[INFO] [stdout]      |            ^^^^^^^^^^^^^^^^ required by this bound in `SeqAccess::next_element`
[INFO] [stdout] 
[INFO] [stdout] 
[INFO] [stdout] error: aborting due to 3 previous errors
[INFO] [stdout] 
[INFO] [stdout] 
[INFO] [stdout] For more information about this error, try `rustc --explain E0277`.
[INFO] [stdout] 
[INFO] [stderr] error: could not compile `ribir_algo` (lib test) due to 4 previous errors
[INFO] running `Command { std: "docker" "inspect" "7e395b0b8ad7d03b0077a85c25df8ff301f1563eded5a96bc4270738a2b74c4b", kill_on_drop: false }`
[INFO] running `Command { std: "docker" "rm" "-f" "7e395b0b8ad7d03b0077a85c25df8ff301f1563eded5a96bc4270738a2b74c4b", kill_on_drop: false }`
[INFO] [stdout] 7e395b0b8ad7d03b0077a85c25df8ff301f1563eded5a96bc4270738a2b74c4b
